{"id":329,"date":"2024-11-14T10:07:30","date_gmt":"2024-11-14T10:07:30","guid":{"rendered":"https:\/\/castillomuseosancarlos.com\/?page_id=329"},"modified":"2025-05-06T10:27:18","modified_gmt":"2025-05-06T10:27:18","slug":"historia","status":"publish","type":"page","link":"https:\/\/castillomuseosancarlos.com\/ca\/historia\/","title":{"rendered":"Hist\u00f2ria"},"content":{"rendered":"<div data-elementor-type=\"wp-page\" data-elementor-id=\"329\" class=\"elementor elementor-329\" data-elementor-post-type=\"page\">\n\t\t\t\t\t\t<section class=\"elementor-section elementor-top-section elementor-element elementor-element-5fdd0561 elementor-section-height-min-height elementor-section-boxed elementor-section-height-default elementor-section-items-middle\" data-id=\"5fdd0561\" data-element_type=\"section\" data-settings=\"{&quot;background_background&quot;:&quot;classic&quot;}\">\n\t\t\t\t\t\t\t<div class=\"elementor-background-overlay\"><\/div>\n\t\t\t\t\t\t\t<div class=\"elementor-container elementor-column-gap-default\">\n\t\t\t\t\t<div class=\"elementor-column elementor-col-100 elementor-top-column elementor-element elementor-element-6d01c422\" data-id=\"6d01c422\" data-element_type=\"column\">\n\t\t\t<div class=\"elementor-widget-wrap\">\n\t\t\t\t\t\t\t<\/div>\n\t\t<\/div>\n\t\t\t\t\t<\/div>\n\t\t<\/section>\n\t\t\t\t<section class=\"elementor-section elementor-top-section elementor-element elementor-element-7b313e05 elementor-section-boxed elementor-section-height-default elementor-section-height-default\" data-id=\"7b313e05\" data-element_type=\"section\" data-settings=\"{&quot;background_background&quot;:&quot;classic&quot;}\">\n\t\t\t\t\t\t<div class=\"elementor-container elementor-column-gap-default\">\n\t\t\t\t\t<div class=\"elementor-column elementor-col-100 elementor-top-column elementor-element elementor-element-52cb58a6\" data-id=\"52cb58a6\" data-element_type=\"column\">\n\t\t\t<div class=\"elementor-widget-wrap elementor-element-populated\">\n\t\t\t\t\t\t<section class=\"elementor-section elementor-inner-section elementor-element elementor-element-56a5972d elementor-section-boxed elementor-section-height-default elementor-section-height-default\" data-id=\"56a5972d\" data-element_type=\"section\" data-settings=\"{&quot;background_background&quot;:&quot;classic&quot;}\">\n\t\t\t\t\t\t<div class=\"elementor-container elementor-column-gap-default\">\n\t\t\t\t\t<div class=\"elementor-column elementor-col-100 elementor-inner-column elementor-element elementor-element-e7bc0fc\" data-id=\"e7bc0fc\" data-element_type=\"column\" data-settings=\"{&quot;background_background&quot;:&quot;classic&quot;}\">\n\t\t\t<div class=\"elementor-widget-wrap elementor-element-populated\">\n\t\t\t\t\t\t<div class=\"elementor-element elementor-element-73af7683 elementor-widget elementor-widget-heading\" data-id=\"73af7683\" data-element_type=\"widget\" data-widget_type=\"heading.default\">\n\t\t\t\t<div class=\"elementor-widget-container\">\n\t\t\t\t\t<h2 class=\"elementor-heading-title elementor-size-default\">Hist\u00f2ria del Castell<\/h2>\t\t\t\t<\/div>\n\t\t\t\t<\/div>\n\t\t\t\t<div class=\"elementor-element elementor-element-68913ff1 elementor-widget-divider--view-line elementor-widget elementor-widget-divider\" data-id=\"68913ff1\" data-element_type=\"widget\" data-settings=\"{&quot;motion_fx_motion_fx_mouse&quot;:&quot;yes&quot;,&quot;_animation&quot;:&quot;none&quot;}\" data-widget_type=\"divider.default\">\n\t\t\t\t<div class=\"elementor-widget-container\">\n\t\t\t\t\t\t\t<div class=\"elementor-divider\">\n\t\t\t<span class=\"elementor-divider-separator\">\n\t\t\t\t\t\t<\/span>\n\t\t<\/div>\n\t\t\t\t\t\t<\/div>\n\t\t\t\t<\/div>\n\t\t\t\t\t<\/div>\n\t\t<\/div>\n\t\t\t\t\t<\/div>\n\t\t<\/section>\n\t\t\t\t\t<\/div>\n\t\t<\/div>\n\t\t\t\t\t<\/div>\n\t\t<\/section>\n\t\t\t\t<section class=\"elementor-section elementor-top-section elementor-element elementor-element-bae9b73 elementor-section-full_width elementor-section-height-default elementor-section-height-default\" data-id=\"bae9b73\" data-element_type=\"section\" data-settings=\"{&quot;background_background&quot;:&quot;classic&quot;}\">\n\t\t\t\t\t\t<div class=\"elementor-container elementor-column-gap-default\">\n\t\t\t\t\t<div class=\"elementor-column elementor-col-100 elementor-top-column elementor-element elementor-element-caf8755\" data-id=\"caf8755\" data-element_type=\"column\">\n\t\t\t<div class=\"elementor-widget-wrap elementor-element-populated\">\n\t\t\t\t\t\t<section class=\"elementor-section elementor-inner-section elementor-element elementor-element-14de3c0 elementor-section-boxed elementor-section-height-default elementor-section-height-default\" data-id=\"14de3c0\" data-element_type=\"section\">\n\t\t\t\t\t\t<div class=\"elementor-container elementor-column-gap-default\">\n\t\t\t\t\t<div class=\"elementor-column elementor-col-33 elementor-inner-column elementor-element elementor-element-a20b229\" data-id=\"a20b229\" data-element_type=\"column\">\n\t\t\t<div class=\"elementor-widget-wrap elementor-element-populated\">\n\t\t\t\t\t\t<div class=\"elementor-element elementor-element-51bd3fc elementor-widget elementor-widget-text-editor\" data-id=\"51bd3fc\" data-element_type=\"widget\" data-widget_type=\"text-editor.default\">\n\t\t\t\t<div class=\"elementor-widget-container\">\n\t\t\t\t\t\t\t\t\t<p class=\"big\"><span class=\"dropcap transparent\">E<\/span>l Rei Felip III va ordenar construir una torre a petici\u00f3 expressa dels comerciants, a trav\u00e9s del Gran i General Consell. Va ser el 'inici del conjunt arquitect\u00f2nic. S'accedia a la torrassa a trav\u00e9s d'un pont llevad\u00eds, mitjan\u00e7ant una escala de ma\u00e7oneria, utilitzant la porta que es troba a la part superior.\n\nEl cost de la construcci\u00f3 va ascendir a 12.000 lliures, 5.000 a c\u00e0rrec de la Universitat del Regne de Mallorca, 5.000 les va pagar la Corona i les 2.000 lliures restants, el Col\u00b7legi de la Mercaderia.<\/p>\n<p class=\"big\">El coste de la construcci\u00f3n ascendi\u00f3 a 12.000 libras, 5.000 a cargo de la Universidad del Reino de Mallorca, 5.000 las pag\u00f3 la Corona y las 2.000 libras restantes, el Colegio de la Mercader\u00eda.<\/p>\t\t\t\t\t\t\t\t<\/div>\n\t\t\t\t<\/div>\n\t\t\t\t\t<\/div>\n\t\t<\/div>\n\t\t\t\t<div class=\"elementor-column elementor-col-33 elementor-inner-column elementor-element elementor-element-2b7e6bb\" data-id=\"2b7e6bb\" data-element_type=\"column\" data-settings=\"{&quot;background_background&quot;:&quot;classic&quot;}\">\n\t\t\t<div class=\"elementor-widget-wrap elementor-element-populated\">\n\t\t\t\t\t\t<div class=\"elementor-element elementor-element-57db945 elementor-widget elementor-widget-spacer\" data-id=\"57db945\" data-element_type=\"widget\" data-widget_type=\"spacer.default\">\n\t\t\t\t<div class=\"elementor-widget-container\">\n\t\t\t\t\t\t\t<div class=\"elementor-spacer\">\n\t\t\t<div class=\"elementor-spacer-inner\"><\/div>\n\t\t<\/div>\n\t\t\t\t\t\t<\/div>\n\t\t\t\t<\/div>\n\t\t\t\t\t<\/div>\n\t\t<\/div>\n\t\t\t\t<div class=\"elementor-column elementor-col-33 elementor-inner-column elementor-element elementor-element-4ef1aa6\" data-id=\"4ef1aa6\" data-element_type=\"column\">\n\t\t\t<div class=\"elementor-widget-wrap elementor-element-populated\">\n\t\t\t\t\t\t<div class=\"elementor-element elementor-element-a7ff7f7 elementor-widget elementor-widget-text-editor\" data-id=\"a7ff7f7\" data-element_type=\"widget\" data-widget_type=\"text-editor.default\">\n\t\t\t\t<div class=\"elementor-widget-container\">\n\t\t\t\t\t\t\t\t\t<p class=\"big\"><span class=\"dropcap transparent\">L<\/span>a construcci\u00f3 es va efectuar entre el 1610 i 1612 en el lloc original on hi havia l'antic far de Porto Pi.<\/p><p class=\"big\">La construcci\u00f3 es va realitzar a causa de la necessitat de defensar la zona mar\u00edtima entre Palma i Palmanova i Especialment Porto Pi, que durant el segle XVII fora port natural de la ciutad de Palma, dels atacs dels pirates i berbers que navegaven per la Mediterr\u00e0nia .<\/p>\t\t\t\t\t\t\t\t<\/div>\n\t\t\t\t<\/div>\n\t\t\t\t\t<\/div>\n\t\t<\/div>\n\t\t\t\t\t<\/div>\n\t\t<\/section>\n\t\t\t\t\t<\/div>\n\t\t<\/div>\n\t\t\t\t\t<\/div>\n\t\t<\/section>\n\t\t\t\t<section class=\"elementor-section elementor-top-section elementor-element elementor-element-4808b32e elementor-section-boxed elementor-section-height-default elementor-section-height-default\" data-id=\"4808b32e\" data-element_type=\"section\" data-settings=\"{&quot;background_background&quot;:&quot;classic&quot;}\">\n\t\t\t\t\t\t<div class=\"elementor-container elementor-column-gap-default\">\n\t\t\t\t\t<div class=\"elementor-column elementor-col-100 elementor-top-column elementor-element elementor-element-4869eb08\" data-id=\"4869eb08\" data-element_type=\"column\">\n\t\t\t<div class=\"elementor-widget-wrap elementor-element-populated\">\n\t\t\t\t\t\t<section class=\"elementor-section elementor-inner-section elementor-element elementor-element-3a014d33 elementor-section-boxed elementor-section-height-default elementor-section-height-default\" data-id=\"3a014d33\" data-element_type=\"section\">\n\t\t\t\t\t\t<div class=\"elementor-container elementor-column-gap-default\">\n\t\t\t\t\t<div class=\"elementor-column elementor-col-100 elementor-inner-column elementor-element elementor-element-3152be23\" data-id=\"3152be23\" data-element_type=\"column\">\n\t\t\t<div class=\"elementor-widget-wrap elementor-element-populated\">\n\t\t\t\t\t\t<div class=\"elementor-element elementor-element-77a1fece elementor-widget elementor-widget-text-editor\" data-id=\"77a1fece\" data-element_type=\"widget\" data-widget_type=\"text-editor.default\">\n\t\t\t\t<div class=\"elementor-widget-container\">\n\t\t\t\t\t\t\t\t\t<p class=\"big\"><span class=\"dropcap transparent\">L<\/span>a Torre presenta forma tetragonal amb un baluard en cadascuna de les cantonades. El material \u00e9s de mar\u00e8s i es poden veure a moltes peces les marques dels picapedrers de l'\u00e8poca. Segons alguns historiadors, el nom del Castell es deu al Virrei de Mallorca D. Carlos Coloma. Mig segle despr\u00e9s de la construcci\u00f3 i davant la necessitat d'augmentar la dotaci\u00f3 de personal del Castell i del seu material, en 1662, regnant Felip IV, s'aborda la construcci\u00f3 de l'ampliaci\u00f3 de la 2a fase a c\u00e0rrec de l'il\u00b7lustre enginyer militar D. Vicente Mut. La fortalesa presenta forma trapezo\u00efdal, amb quatre grans baluards que li donen aquesta planta tan peculiar. Ja al segle XIX, es porta terme la 3a, i definitiva, gran reforma, afegint-li una Bateria de Costa amb quatre canons Ordo\u00f1ez de 24 a l'exterior.<\/p><p class=\"big\">Durant el segle XX ha tingut diversos usos, pres\u00f3 d'oficials, bateria de salves per saludar els vaixells de guerra i Museu Militar a partir de 1981. Des de 1997 el Consorci Castell de Sant Carles s'ocupa de la gesti\u00f3 del museu i la fortalesa, format per les seg\u00fcents administracions:<\/p><p class=\"big\">1. Ministeri de Defensa<\/p><p class=\"big\">2. Govern de les Illes Balears<\/p><p class=\"big\">3. Consell Insular de Mallorca<\/p><p class=\"big\">4. Ajuntament de Palma<\/p>\t\t\t\t\t\t\t\t<\/div>\n\t\t\t\t<\/div>\n\t\t\t\t\t<\/div>\n\t\t<\/div>\n\t\t\t\t\t<\/div>\n\t\t<\/section>\n\t\t\t\t\t<\/div>\n\t\t<\/div>\n\t\t\t\t\t<\/div>\n\t\t<\/section>\n\t\t\t\t<\/div>","protected":false},"excerpt":{"rendered":"<p>Historia del Castillo El Rey Felipe III orden\u00f3 construir una torre a petici\u00f3n expresa de los comerciantes, a trav\u00e9s del Gran i General Consell. Fue el \u2019inicio del conjunto arquitect\u00f3nico. Se acced\u00eda al torre\u00f3n a trav\u00e9s de un puente levadizo, mediante una escalera de mamposter\u00eda, utilizando la puerta que se halla en la parte superior. [&hellip;]<\/p>","protected":false},"author":2,"featured_media":0,"parent":0,"menu_order":0,"comment_status":"closed","ping_status":"closed","template":"","meta":{"footnotes":""},"class_list":["post-329","page","type-page","status-publish","hentry"],"_links":{"self":[{"href":"https:\/\/castillomuseosancarlos.com\/ca\/wp-json\/wp\/v2\/pages\/329","targetHints":{"allow":["GET"]}}],"collection":[{"href":"https:\/\/castillomuseosancarlos.com\/ca\/wp-json\/wp\/v2\/pages"}],"about":[{"href":"https:\/\/castillomuseosancarlos.com\/ca\/wp-json\/wp\/v2\/types\/page"}],"author":[{"embeddable":true,"href":"https:\/\/castillomuseosancarlos.com\/ca\/wp-json\/wp\/v2\/users\/2"}],"replies":[{"embeddable":true,"href":"https:\/\/castillomuseosancarlos.com\/ca\/wp-json\/wp\/v2\/comments?post=329"}],"version-history":[{"count":22,"href":"https:\/\/castillomuseosancarlos.com\/ca\/wp-json\/wp\/v2\/pages\/329\/revisions"}],"predecessor-version":[{"id":4339,"href":"https:\/\/castillomuseosancarlos.com\/ca\/wp-json\/wp\/v2\/pages\/329\/revisions\/4339"}],"wp:attachment":[{"href":"https:\/\/castillomuseosancarlos.com\/ca\/wp-json\/wp\/v2\/media?parent=329"}],"curies":[{"name":"wp","href":"https:\/\/api.w.org\/{rel}","templated":true}]}}

Història

<div data-elementor-type="wp-page" data-elementor-id="329" class="elementor elementor-329" data-elementor-post-type="page">
						<section class="elementor-section elementor-top-section elementor-element elementor-element-5fdd0561 elementor-section-height-min-height elementor-section-boxed elementor-section-height-default elementor-section-items-middle" data-id="5fdd0561" data-element_type="section" data-settings="{&quot;background_background&quot;:&quot;classic&quot;}">
							<div class="elementor-background-overlay"></div>
							<div class="elementor-container elementor-column-gap-default">
					<div class="elementor-column elementor-col-100 elementor-top-column elementor-element elementor-element-6d01c422" data-id="6d01c422" data-element_type="column">
			<div class="elementor-widget-wrap">
							</div>
		</div>
					</div>
		</section>
				<section class="elementor-section elementor-top-section elementor-element elementor-element-7b313e05 elementor-section-boxed elementor-section-height-default elementor-section-height-default" data-id="7b313e05" data-element_type="section" data-settings="{&quot;background_background&quot;:&quot;classic&quot;}">
						<div class="elementor-container elementor-column-gap-default">
					<div class="elementor-column elementor-col-100 elementor-top-column elementor-element elementor-element-52cb58a6" data-id="52cb58a6" data-element_type="column">
			<div class="elementor-widget-wrap elementor-element-populated">
						<section class="elementor-section elementor-inner-section elementor-element elementor-element-56a5972d elementor-section-boxed elementor-section-height-default elementor-section-height-default" data-id="56a5972d" data-element_type="section" data-settings="{&quot;background_background&quot;:&quot;classic&quot;}">
						<div class="elementor-container elementor-column-gap-default">
					<div class="elementor-column elementor-col-100 elementor-inner-column elementor-element elementor-element-e7bc0fc" data-id="e7bc0fc" data-element_type="column" data-settings="{&quot;background_background&quot;:&quot;classic&quot;}">
			<div class="elementor-widget-wrap elementor-element-populated">
						<div class="elementor-element elementor-element-73af7683 elementor-widget elementor-widget-heading" data-id="73af7683" data-element_type="widget" data-widget_type="heading.default">
				<div class="elementor-widget-container">
					<h2 class="elementor-heading-title elementor-size-default">Història del Castell</h2>				</div>
				</div>
				<div class="elementor-element elementor-element-68913ff1 elementor-widget-divider--view-line elementor-widget elementor-widget-divider" data-id="68913ff1" data-element_type="widget" data-settings="{&quot;motion_fx_motion_fx_mouse&quot;:&quot;yes&quot;,&quot;_animation&quot;:&quot;none&quot;}" data-widget_type="divider.default">
				<div class="elementor-widget-container">
							<div class="elementor-divider">
			<span class="elementor-divider-separator">
						</span>
		</div>
						</div>
				</div>
					</div>
		</div>
					</div>
		</section>
					</div>
		</div>
					</div>
		</section>
				<section class="elementor-section elementor-top-section elementor-element elementor-element-bae9b73 elementor-section-full_width elementor-section-height-default elementor-section-height-default" data-id="bae9b73" data-element_type="section" data-settings="{&quot;background_background&quot;:&quot;classic&quot;}">
						<div class="elementor-container elementor-column-gap-default">
					<div class="elementor-column elementor-col-100 elementor-top-column elementor-element elementor-element-caf8755" data-id="caf8755" data-element_type="column">
			<div class="elementor-widget-wrap elementor-element-populated">
						<section class="elementor-section elementor-inner-section elementor-element elementor-element-14de3c0 elementor-section-boxed elementor-section-height-default elementor-section-height-default" data-id="14de3c0" data-element_type="section">
						<div class="elementor-container elementor-column-gap-default">
					<div class="elementor-column elementor-col-33 elementor-inner-column elementor-element elementor-element-a20b229" data-id="a20b229" data-element_type="column">
			<div class="elementor-widget-wrap elementor-element-populated">
						<div class="elementor-element elementor-element-51bd3fc elementor-widget elementor-widget-text-editor" data-id="51bd3fc" data-element_type="widget" data-widget_type="text-editor.default">
				<div class="elementor-widget-container">
									<p class="big"><span class="dropcap transparent">E</span>l Rei Felip III va ordenar construir una torre a petició expressa dels comerciants, a través del Gran i General Consell. Va ser el 'inici del conjunt arquitectònic. S'accedia a la torrassa a través d'un pont llevadís, mitjançant una escala de maçoneria, utilitzant la porta que es troba a la part superior.

El cost de la construcció va ascendir a 12.000 lliures, 5.000 a càrrec de la Universitat del Regne de Mallorca, 5.000 les va pagar la Corona i les 2.000 lliures restants, el Col·legi de la Mercaderia.</p>
<p class="big">El coste de la construcción ascendió a 12.000 libras, 5.000 a cargo de la Universidad del Reino de Mallorca, 5.000 las pagó la Corona y las 2.000 libras restantes, el Colegio de la Mercadería.</p>								</div>
				</div>
					</div>
		</div>
				<div class="elementor-column elementor-col-33 elementor-inner-column elementor-element elementor-element-2b7e6bb" data-id="2b7e6bb" data-element_type="column" data-settings="{&quot;background_background&quot;:&quot;classic&quot;}">
			<div class="elementor-widget-wrap elementor-element-populated">
						<div class="elementor-element elementor-element-57db945 elementor-widget elementor-widget-spacer" data-id="57db945" data-element_type="widget" data-widget_type="spacer.default">
				<div class="elementor-widget-container">
							<div class="elementor-spacer">
			<div class="elementor-spacer-inner"></div>
		</div>
						</div>
				</div>
					</div>
		</div>
				<div class="elementor-column elementor-col-33 elementor-inner-column elementor-element elementor-element-4ef1aa6" data-id="4ef1aa6" data-element_type="column">
			<div class="elementor-widget-wrap elementor-element-populated">
						<div class="elementor-element elementor-element-a7ff7f7 elementor-widget elementor-widget-text-editor" data-id="a7ff7f7" data-element_type="widget" data-widget_type="text-editor.default">
				<div class="elementor-widget-container">
									<p class="big"><span class="dropcap transparent">L</span>a construcció es va efectuar entre el 1610 i 1612 en el lloc original on hi havia l'antic far de Porto Pi.</p><p class="big">La construcció es va realitzar a causa de la necessitat de defensar la zona marítima entre Palma i Palmanova i Especialment Porto Pi, que durant el segle XVII fora port natural de la ciutad de Palma, dels atacs dels pirates i berbers que navegaven per la Mediterrània .</p>								</div>
				</div>
					</div>
		</div>
					</div>
		</section>
					</div>
		</div>
					</div>
		</section>
				<section class="elementor-section elementor-top-section elementor-element elementor-element-4808b32e elementor-section-boxed elementor-section-height-default elementor-section-height-default" data-id="4808b32e" data-element_type="section" data-settings="{&quot;background_background&quot;:&quot;classic&quot;}">
						<div class="elementor-container elementor-column-gap-default">
					<div class="elementor-column elementor-col-100 elementor-top-column elementor-element elementor-element-4869eb08" data-id="4869eb08" data-element_type="column">
			<div class="elementor-widget-wrap elementor-element-populated">
						<section class="elementor-section elementor-inner-section elementor-element elementor-element-3a014d33 elementor-section-boxed elementor-section-height-default elementor-section-height-default" data-id="3a014d33" data-element_type="section">
						<div class="elementor-container elementor-column-gap-default">
					<div class="elementor-column elementor-col-100 elementor-inner-column elementor-element elementor-element-3152be23" data-id="3152be23" data-element_type="column">
			<div class="elementor-widget-wrap elementor-element-populated">
						<div class="elementor-element elementor-element-77a1fece elementor-widget elementor-widget-text-editor" data-id="77a1fece" data-element_type="widget" data-widget_type="text-editor.default">
				<div class="elementor-widget-container">
									<p class="big"><span class="dropcap transparent">L</span>a Torre presenta forma tetragonal amb un baluard en cadascuna de les cantonades. El material és de marès i es poden veure a moltes peces les marques dels picapedrers de l'època. Segons alguns historiadors, el nom del Castell es deu al Virrei de Mallorca D. Carlos Coloma. Mig segle després de la construcció i davant la necessitat d'augmentar la dotació de personal del Castell i del seu material, en 1662, regnant Felip IV, s'aborda la construcció de l'ampliació de la 2a fase a càrrec de l'il·lustre enginyer militar D. Vicente Mut. La fortalesa presenta forma trapezoïdal, amb quatre grans baluards que li donen aquesta planta tan peculiar. Ja al segle XIX, es porta terme la 3a, i definitiva, gran reforma, afegint-li una Bateria de Costa amb quatre canons Ordoñez de 24 a l'exterior.</p><p class="big">Durant el segle XX ha tingut diversos usos, presó d'oficials, bateria de salves per saludar els vaixells de guerra i Museu Militar a partir de 1981. Des de 1997 el Consorci Castell de Sant Carles s'ocupa de la gestió del museu i la fortalesa, format per les següents administracions:</p><p class="big">1. Ministeri de Defensa</p><p class="big">2. Govern de les Illes Balears</p><p class="big">3. Consell Insular de Mallorca</p><p class="big">4. Ajuntament de Palma</p>								</div>
				</div>
					</div>
		</div>
					</div>
		</section>
					</div>
		</div>
					</div>
		</section>
				</div>

<p>Historia del Castillo El Rey Felipe III ordenó construir una torre a petición expresa de los comerciantes, a través del Gran i General Consell. Fue el ’inicio del conjunto arquitectónico. Se accedía al torreón a través de un puente levadizo, mediante una escalera de mampostería, utilizando la puerta que se halla en la parte superior. [&hellip;]</p>
